{"id":3338,"date":"2025-04-15T21:25:54","date_gmt":"2025-04-16T00:25:54","guid":{"rendered":"https:\/\/sourcing.uls.com.uy\/?post_type=product&#038;p=3338"},"modified":"2025-05-14T14:49:51","modified_gmt":"2025-05-14T17:49:51","slug":"toallas-de-algodon","status":"publish","type":"product","link":"https:\/\/sourcing.uls.com.uy\/?product=toallas-de-algodon","title":{"rendered":"Toallas de algod\u00f3n"},"content":{"rendered":"<p>Medidas: 700*1400 Colores: Blanco, Gris claro, Gris, Gris oscuro, Caf\u00e9 Material: 100% algod\u00f3n<\/p>\n","protected":false},"excerpt":{"rendered":"<p>Medidas: 700*1400 Colores: Blanco, Gris claro, Gris, Gris oscuro, Caf\u00e9 Material: 100% algod\u00f3n<\/p>\n","protected":false},"featured_media":3123,"template":"","meta":[],"product_brand":[],"product_cat":[41],"product_tag":[],"class_list":{"0":"post-3338","1":"product","2":"type-product","3":"status-publish","4":"has-post-thumbnail","6":"product_cat-textiles-para-el-hogar","8":"first","9":"instock","10":"shipping-taxable","11":"purchasable","12":"product-type-simple"},"_links":{"self":[{"href":"https:\/\/sourcing.uls.com.uy\/index.php?rest_route=\/wp\/v2\/product\/3338","targetHints":{"allow":["GET"]}}],"collection":[{"href":"https:\/\/sourcing.uls.com.uy\/index.php?rest_route=\/wp\/v2\/product"}],"about":[{"href":"https:\/\/sourcing.uls.com.uy\/index.php?rest_route=\/wp\/v2\/types\/product"}],"wp:featuredmedia":[{"embeddable":true,"href":"https:\/\/sourcing.uls.com.uy\/index.php?rest_route=\/wp\/v2\/media\/3123"}],"wp:attachment":[{"href":"https:\/\/sourcing.uls.com.uy\/index.php?rest_route=%2Fwp%2Fv2%2Fmedia&parent=3338"}],"wp:term":[{"taxonomy":"product_brand","embeddable":true,"href":"https:\/\/sourcing.uls.com.uy\/index.php?rest_route=%2Fwp%2Fv2%2Fproduct_brand&post=3338"},{"taxonomy":"product_cat","embeddable":true,"href":"https:\/\/sourcing.uls.com.uy\/index.php?rest_route=%2Fwp%2Fv2%2Fproduct_cat&post=3338"},{"taxonomy":"product_tag","embeddable":true,"href":"https:\/\/sourcing.uls.com.uy\/index.php?rest_route=%2Fwp%2Fv2%2Fproduct_tag&post=3338"}],"curies":[{"name":"wp","href":"https:\/\/api.w.org\/{rel}","templated":true}]}}